88 = -16*o, -5*o + 5*r = -280. Calculate the remainder when 101 is divided by o.
49
Let t be (5/(-2))/((-4)/(-40)). Suppose b + 93 = -41. Let g = t - b. Calculate the remainder when g is divided by 28.
25
Let v(o) = -o + 16. Let i be v(12). Suppose 28 - 1 = 5*x - i*q, 3*x - 29 = -4*q. Calculate the remainder when 30 is divided by x.
2
Let q(r) = r**3 - 14*r**2 + 3*r - 26. Let t = 38 + 73. What is the remainder when t is divided by q(14)?
15
Let q be (5/(-1))/(2/38). Let w(i) = -i**3 + 8*i**2 - 8*i + 11. Let n be w(8). Let l = n - q. Calculate the remainder when l is divided by 15.
12
Suppose -12*w + 13*w - 44 = 0. Suppose 4*o + 2*z = -3*z + 62, 4*o - 4*z = w. What is the remainder when o is divided by 8?
5
What is the remainder when 25 is divided by 1/(-2) - 1743/(-166)?
5
Suppose -s = 3*s. Suppose s = -3*d - 142 + 19. What is the remainder when 38 is divided by d/(-4) + (-2)/8?
8
Let i = -54 - -59. Suppose i*d = 267 - 42. Let m = -20 - -32. What is the remainder when d is divided by m?
9
Suppose -15*x = -373 - 2. Calculate the remainder when 59 is divided by x.
9
Let t = -71 - -68. Calculate the remainder when 28 is divided by 1/(t/(-15)*(-5)/(-16)).
12
Suppose -78*s + 79*s - 90 = 0. Let q = -51 - -74. What is the remainder when s is divided by q?
21
Suppose -5*l - l = 6. Let q(v) = -27*v + 1. What is the remainder when 51 is divided by q(l)?
23
Suppose -14*b - 243 + 2469 = 0. Let o = b - 145. What is the remainder when 53 is divided by o?
11
Suppose 47 = 4*k + u, 0 = -2*k - 0*k + 5*u + 7. What is the remainder when 108 is divided by k?
9
Suppose 18*y - 41 - 13 = 0. Suppose y*a - 21 = -2*s, a = 4*s - 3*a - 72. What is the remainder when 40 is divided by s?
10
Suppose -d = 5*u - 1720, 5*u - 390 - 1315 = 2*d. What is the remainder when u is divided by 44?
35
Suppose z = 91 + 29. Suppose 4*q = -3*k + z, -2*k - q + 129 = k. Calculate the remainder when k is divided by 15.
14
Let w(i) = -6*i + 45. What is the remainder when w(5) is divided by 6?
3
Suppose -5*f - 3*s = -5 - 6, 4*s = -4*f + 12. Let q(k) = 158*k**3 - 2*k**2 - 2*k + 3. What is the remainder when q(f) is divided by 53?
51
Suppose -40*y + 27*y = -91. Let p(w) = 3*w + 4. What is the remainder when p(3) is divided by y?
6
Let y = -93 + 99. What is the remainder when 156 is divided by y?
0
Let x(a) = 58*a - 450. What is the remainder when 294 is divided by x(9)?
6
Let g(n) = 18*n**3 - 3*n**2 + 3*n + 2. Let y be g(2). Let v = y - 71. Calculate the remainder when v is divided by 37.
32
Calculate the remainder when 133 is divided by (30 + 0)/5*(-10)/(-1).
13
Calculate the remainder when (-2)/((-6)/(-9)) + 299 + 36 is divided by 85.
77
Suppose 4*b = -5*s + 65, 0*b = -b + 5. Let x(u) = u**2 - 6*u - 6. Let j be x(6). What is the remainder when ((-172)/j)/(4/6) is divided by s?
7
Let v(a) = 2*a - 37. Let t be v(0). Let k = t - -51. Calculate the remainder when k is divided by 8.
6
Suppose 7*k + 629 = 30*k - 6*k. Let t = -32 + 52. Calculate the remainder when k is divided by t.
17
Calculate the remainder when 268 is divided by (-759)/(-15) + -5*22/(-275).
13
Suppose -4*f = -21*f + 4658. What is the remainder when f is divided by 25?
24
Let w(f) = -4*f + 4 + 3*f - 2*f + 2*f. Let b be (-56)/12*3 + 4. What is the remainder when 39 is divided by w(b)?
11
Suppose -3*j = -4*w - 165, 9*j + 110 = 11*j - 2*w. Suppose -2*z + z = 5*r - 7, 0 = -r + 3*z - 5. Calculate the remainder when j - 2 - (r - 0) is divided by 18.
16
Suppose -1360 = -37*b + 231. What is the remainder when b is divided by 13?
4
Let q(d) = d**3 - 4*d**2 + 7*d - 16. Let f be q(4). Suppose f*b - 4*b - 376 = 0. Calculate the remainder when b is divided by 7.
5
Let u = -33 + 30. Let a(n) = -15*n - 11. What is the remainder when 101 is divided by a(u)?
33
Let s(p) = 4*p - p - 4 + p**2 + 0 - 1. Let b = -9 - -13. What is the remainder when 90 is divided by s(b)?
21
Suppose 3*a - 2 = 10. Suppose -b = v - 15, b = v - a*b + 9. What is the remainder when 30 is divided by v?
8
Let x = -5 + 5. Suppose 0 = l - x*l. Let a(s) = -s**3 + 90. Calculate the remainder when a(l) is divided by 31.
28
Suppose 0 = 2*o + v - 236, 15*v = 4*o + 18*v - 474. What is the remainder when 233 is divided by o?
116
Let b be (-2)/2 + 7 - 1. Suppose b*a + 36 = 8*a. Calculate the remainder when 18 is divided by (20/(-6))/((-4)/a).
8
Let g(h) = 15*h + 191. What is the remainder when g(27) is divided by 46?
44
Let r(x) = 2*x**2 - 3*x - 101. Calculate the remainder when r(-16) is divided by 20.
19
Let a(l) = 13*l + 100. What is the remainder when a(14) is divided by 12?
6
Suppose -4*s = r + 232, -3*s + 663 = -3*r - 4*s. Let l = -133 - r. Let b(k) = -8*k - 2. Calculate the remainder when l is divided by b(-3).
21
Calculate the remainder when 46 is divided by 2 + (22 - (-8 + 10)).
2
Let q(d) = d**3 + 19*d**2 + 16*d - 40. Let r be q(-18). Let p = r - -26. What is the remainder when p is divided by 13?
9
Suppose 0 = -x - x - 16. What is the remainder when 97 is divided by (-202)/(-8) - (-2)/x?
22
Suppose 0 = 2*o - 0 - 8. Suppose o - 55 = -3*c. Calculate the remainder when c is divided by 9.
8
Let m = 16 - 12. Let o be 0 - (-3)/(-7) - 31/(-7). Calculate the remainder when 5 + m + (o - 10) is divided by 3.
0
Suppose -2*n = -3*n. Suppose n = 3*r - 81 + 15. Let a(v) = -v**3 + v**2 + v + 5. What is the remainder when r is divided by a(0)?
2
Suppose 0*l = 2*l + 3*d - 40, 3*l = 4*d + 43. What is the remainder when 3*15 - 0/1 is divided by l?
11
Let a(y) = -4*y - 21. Suppose 3*n - 67 = 2. What is the remainder when n is divided by a(-6)?
2
Let v(s) = -s**3 - 22*s**2 - 70*s - 135. Calculate the remainder when v(-19) is divided by 31.
19
Let j(l) = -4*l**2 - 21*l. Let c be j(-11). Let v = -134 - c. What is the remainder when v is divided by 20?
19
Let l = 0 + 3. Suppose -l*h + 9 = -9. Let k = 10799 + -10796. Calculate the remainder when h is divided by k.
0
Suppose f - 207 - 203 = 4*z, -f - 508 = 5*z. Let i be z/(-2) + 6 + -3. Suppose 0 = -4*n + 2*n + i. Calculate the remainder when n is divided by 14.
13
Let z(v) = -11*v - 18. Let l be -2 - (2 - 3 - 33). Let o = l + 70. What is the remainder when o is divided by z(-4)?
24
Let q = 235 - 418. What is the remainder when (1 + 3 + -3)/((-3)/q) is divided by 9?
7
Let l(k) = k**2 + k - 1. Let b be l(0). Let z be (-267)/(-6) - b/2. Suppose 4*d - z = d. Calculate the remainder when d is divided by 4.
3
Let n = 55 - 26. Suppose 0 = -7*l + 12*l. Suppose -7*p + 52 + 4 = l. Calculate the remainder when n is divided by p.
5
Suppose -6*l = -4*l - 242. What is the remainder when 239 is divided by l?
118
Suppose -8*p = 4*p - 192. Suppose 0 = -6*h - p + 64. Calculate the remainder when 30 is divided by h.
6
Let i = 7 + -5. Suppose 14*n - 141 - 6 + 49 = 0. What is the remainder when n is divided by i?
1
Suppose 56*p = 45*p + 1562. Calculate the remainder when p is divided by 16.
14
Suppose t + 10 = 6*t. Let p(k) = 2*k**2 - 1. Calculate the remainder when p(-5) is divided by t + 26 - (0 - -3).
24
Let z(j) = 7*j + 76. What is the remainder when 267 is divided by z(-7)?
24
Let y = 82 + -35. Calculate the remainder when y is divided by 25.
22
Suppose 53*h = 52*h + 7. Calculate the remainder when (-4)/(-6) + 104/6 is divided by h.
4
Let k(o) = -o. Let h(y) = 3. Let a(g) = h(g) - 3*k(g). Suppose -2*s = -s - 46. What is the remainder when s is divided by a(3)?
10
Let j = 3 - -5. Suppose -4*x + 2*y = -x - 72, 0 = y + 3. Calculate the remainder when x is divided by j.
6
Let g(i) = -2*i + 20. Let c = 29 + -29. Calculate the remainder when g(c) is divided by 11.
9
Suppose -1 = 5*x - 36. Suppose -2*n = -33 - 1. Let t = n - 15. What is the remainder when x is divided by t?
1
Suppose o = 3*s - 82, 13*s - 113 = 9*s + 5*o. Calculate the remainder when 115 is divided by s.
7
Let f(n) = n**3 + n**2 - 2*n - 1. Suppose 3*m + 0*m = 4*q - 10, -4*m = q + 7. Let z be f(m). Calculate the remainder when (-6 - -3 - z) + 33 is divided by 8.
7
Let o(w) = w**2 + 11*w + 14. Let y be o(-10). Suppose -5*x = p - 19, 0*x = -y*p + x - 8. What is the remainder when 11 is divided by (-1 + -1)*p - 0?
1
Let g be 3 + -1 + (2 - 0). Suppose -12*a + 4 = -16*a. Calculate the remainder when 50 is divided by a*g/(8/(-26)).
11
Let x(p) = p**3 + 8*p**2 + 14*p + 16. What is the remainder when 6 is divided 